{"version":"1.0","provider_name":"INTERNATIONAUX DE STRASBOURG","provider_url":"https:\/\/internationaux-strasbourg.fr\/fr","author_name":"Louise Amrhein","author_url":"https:\/\/internationaux-strasbourg.fr\/fr\/author\/louise\/","title":"L'apr\u00e8s match des #IS26 - INTERNATIONAUX DE STRASBOURG","type":"rich","width":600,"height":338,"html":"<blockquote class=\"wp-embedded-content\" data-secret=\"6jjok3DbAB\"><a href=\"https:\/\/internationaux-strasbourg.fr\/fr\/lapres-match-des-is26\/\">L&rsquo;apr\u00e8s match des #IS26<\/a><\/blockquote><iframe sandbox=\"allow-scripts\" security=\"restricted\" src=\"https:\/\/internationaux-strasbourg.fr\/fr\/lapres-match-des-is26\/embed\/#?secret=6jjok3DbAB\" width=\"600\" height=\"338\" title=\"\u00ab\u00a0L&rsquo;apr\u00e8s match des #IS26\u00a0\u00bb &#8212; INTERNATIONAUX DE STRASBOURG\" data-secret=\"6jjok3DbAB\" frameborder=\"0\" marginwidth=\"0\" marginheight=\"0\" scrolling=\"no\" class=\"wp-embedded-content\"><\/iframe><script>\n\/*! This file is auto-generated *\/\n!function(d,l){\"use strict\";l.querySelector&&d.addEventListener&&\"undefined\"!=typeof URL&&(d.wp=d.wp||{},d.wp.receiveEmbedMessage||(d.wp.receiveEmbedMessage=function(e){var t=e.data;if((t||t.secret||t.message||t.value)&&!\/[^a-zA-Z0-9]\/.test(t.secret)){for(var s,r,n,a=l.querySelectorAll('iframe[data-secret=\"'+t.secret+'\"]'),o=l.querySelectorAll('blockquote[data-secret=\"'+t.secret+'\"]'),c=new RegExp(\"^https?:$\",\"i\"),i=0;i<o.length;i++)o[i].style.display=\"none\";for(i=0;i<a.length;i++)s=a[i],e.source===s.contentWindow&&(s.removeAttribute(\"style\"),\"height\"===t.message?(1e3<(r=parseInt(t.value,10))?r=1e3:~~r<200&&(r=200),s.height=r):\"link\"===t.message&&(r=new URL(s.getAttribute(\"src\")),n=new URL(t.value),c.test(n.protocol))&&n.host===r.host&&l.activeElement===s&&(d.top.location.href=t.value))}},d.addEventListener(\"message\",d.wp.receiveEmbedMessage,!1),l.addEventListener(\"DOMContentLoaded\",function(){for(var e,t,s=l.querySelectorAll(\"iframe.wp-embedded-content\"),r=0;r<s.length;r++)(t=(e=s[r]).getAttribute(\"data-secret\"))||(t=Math.random().toString(36).substring(2,12),e.src+=\"#?secret=\"+t,e.setAttribute(\"data-secret\",t)),e.contentWindow.postMessage({message:\"ready\",secret:t},\"*\")},!1)))}(window,document);\n\/\/# sourceURL=https:\/\/internationaux-strasbourg.fr\/wp-includes\/js\/wp-embed.min.js\n<\/script>\n","thumbnail_url":"https:\/\/internationaux-strasbourg.fr\/wp-content\/uploads\/2026\/04\/linkbio-apres-match.png","thumbnail_width":1400,"thumbnail_height":1400,"description":"Aux Internationaux de Strasbourg, l\u2019\u00e9motion ne s\u2019arr\u00eate pas \u00e0 la balle de match. Comme chaque ann\u00e9e nous vous proposons une exp\u00e9rience compl\u00e8te en invitant le public \u00e0 prolonger sa journ\u00e9e dans une ambiance festive et conviviale avec l\u2019Apr\u00e8s-Match des #IS26. Du mercredi 20 au vendredi 22 mai, l\u2019espace grand public du Tennis Club de Strasbourg [&hellip;]"}

L'après match des #IS26 - INTERNATIONAUX DE STRASBOURG

<blockquote class="wp-embedded-content" data-secret="6jjok3DbAB"><a href="https://internationaux-strasbourg.fr/fr/lapres-match-des-is26/">L&rsquo;après match des #IS26</a></blockquote><iframe sandbox="allow-scripts" security="restricted" src="https://internationaux-strasbourg.fr/fr/lapres-match-des-is26/embed/#?secret=6jjok3DbAB" width="600" height="338" title="« L&rsquo;après match des #IS26 » &#8212; INTERNATIONAUX DE STRASBOURG" data-secret="6jjok3DbAB" frameborder="0" marginwidth="0" marginheight="0" scrolling="no" class="wp-embedded-content"></iframe><script>
/*! This file is auto-generated */
!function(d,l){"use strict";l.querySelector&&d.addEventListener&&"undefined"!=typeof URL&&(d.wp=d.wp||{},d.wp.receiveEmbedMessage||(d.wp.receiveEmbedMessage=function(e){var t=e.data;if((t||t.secret||t.message||t.value)&&!/[^a-zA-Z0-9]/.test(t.secret)){for(var s,r,n,a=l.querySelectorAll('iframe[data-secret="'+t.secret+'"]'),o=l.querySelectorAll('blockquote[data-secret="'+t.secret+'"]'),c=new RegExp("^https?:$","i"),i=0;i<o.length;i++)o[i].style.display="none";for(i=0;i<a.length;i++)s=a[i],e.source===s.contentWindow&&(s.removeAttribute("style"),"height"===t.message?(1e3<(r=parseInt(t.value,10))?r=1e3:~~r<200&&(r=200),s.height=r):"link"===t.message&&(r=new URL(s.getAttribute("src")),n=new URL(t.value),c.test(n.protocol))&&n.host===r.host&&l.activeElement===s&&(d.top.location.href=t.value))}},d.addEventListener("message",d.wp.receiveEmbedMessage,!1),l.addEventListener("DOMContentLoaded",function(){for(var e,t,s=l.querySelectorAll("iframe.wp-embedded-content"),r=0;r<s.length;r++)(t=(e=s[r]).getAttribute("data-secret"))||(t=Math.random().toString(36).substring(2,12),e.src+="#?secret="+t,e.setAttribute("data-secret",t)),e.contentWindow.postMessage({message:"ready",secret:t},"*")},!1)))}(window,document);
//# sourceURL=https://internationaux-strasbourg.fr/wp-includes/js/wp-embed.min.js
</script>

Aux Internationaux de Strasbourg, l’émotion ne s’arrête pas à la balle de match. Comme chaque année nous vous proposons une expérience complète en invitant le public à prolonger sa journée dans une ambiance festive et conviviale avec l’Après-Match des #IS26. Du mercredi 20 au vendredi 22 mai, l’espace grand public du Tennis Club de Strasbourg [&hellip;]
